677?
27
Calculate the remainder when 79249 is divided by 426.
13
What is the remainder when 13764 is divided by 382?
12
What is the remainder when 1067 is divided by 266?
3
Calculate the remainder when 20831 is divided by 336.
335
Calculate the remainder when 243 is divided by 180.
63
What is the remainder when 22417 is divided by 665?
472
Calculate the remainder when 80424 is divided by 491.
391
What is the remainder when 653209 is divided by 19?
8
What is the remainder when 22815 is divided by 181?
9
Calculate the remainder when 2173 is divided by 330.
193
Calculate the remainder when 7589 is divided by 1889.
33
Calculate the remainder when 5018 is divided by 4.
2
Calculate the remainder when 5508 is divided by 268.
148
What is the remainder when 2215 is divided by 2145?
70
Calculate the remainder when 622 is divided by 382.
240
Calculate the remainder when 13054 is divided by 101.
25
Calculate the remainder when 5980 is divided by 373.
12
Calculate the remainder when 166112 is divided by 166104.
8
Calculate the remainder when 555 is divided by 107.
20
What is the remainder when 2862 is divided by 52?
2
What is the remainder when 10265 is divided by 933?
2
Calculate the remainder when 74518 is divided by 37252.
14
Calculate the remainder when 32314 is divided by 81.
76
Calculate the remainder when 2687630 is divided by 2.
0
What is the remainder when 105592 is divided by 996?
16
What is the remainder when 6149 is divided by 20?
9
What is the remainder when 25629 is divided by 13?
6
What is the remainder when 11345 is divided by 543?
485
Calculate the remainder when 200692 is divided by 93.
91
What is the remainder when 3955 is divided by 199?
174
What is the remainder when 15345 is divided by 7650?
45
Calculate the remainder when 3148 is divided by 921.
385
Calculate the remainder when 9553 is divided by 2336.
209
Calculate the remainder when 1248401 is divided by 169.
167
Calculate the remainder when 48818 is divided by 14.
0
Calculate the remainder when 15865 is divided by 5269.
58
Calculate the remainder when 15470 is divided by 674.
642
Calculate the remainder when 1503 is divided by 46.
31
What is the remainder when 27285 is divided by 15?
0
Calculate the remainder when 3728 is divided by 6.
2
What is the remainder when 2857 is divided by 17?
1
Calculate the remainder when 31550 is divided by 446.
330
Calculate the remainder when 2179 is divided by 1153.
1026
Calculate the remainder when 58243 is divided by 353.
351
Calculate the remainder when 10130 is divided by 463.
407
Calculate the remainder when 157483 is divided by 204.
199
Calculate the remainder when 55094 is divided by 26.
0
What is the remainder when 4972 is divided by 1239?
16
What is the remainder when 114223 is divided by 255?
238
Calculate the remainder when 6175 is divided by 650.
325
What is the remainder when 5329 is divided by 109?
97
Calculate the remainder when 1397 is divided by 113.
41
Calculate the remainder when 10679 is divided by 10641.
38
Calculate the remainder when 55188 is divided by 195.
3
Calculate the remainder when 6188 is divided by 5838.
350
What is the remainder when 8664 is divided by 2866?
66
What is the remainder when 551 is divided by 87?
29
What is the remainder when 3191 is divided by 37?
9
Calculate the remainder when 119449 is divided by 29.
27
What is the remainder when 55206 is divided by 18395?
21
What is the remainder when 1691 is divided by 64?
27
What is the remainder when 71660 is divided by 11941?
14
Calculate the remainder when 555 is divided by 21.
9
Calculate the remainder when 8528 is divided by 977.
712
What is the remainder when 1053 is divided by 76?
65
Calculate the remainder when 526 is divided by 193.
140
What is the remainder when 15282 is divided by 224?
50
What is the remainder when 2564 is divided by 1266?
32
Calculate the remainder when 4811 is divided by 549.
419
Calculate the remainder when 272301 is divided by 372.
369
Calculate the remainder when 1900 is divided by 106.
98
Calculate the remainder when 34685 is divided by 398.
59
What is the remainder when 15422 is divided by 771?
2
What is the remainder when 374952 is divided by 627?
6
Calculate the remainder when 4791 is divided by 43.
18
What is the remainder when 1908 is divided by 383?
376
What is the remainder when 5124 is divided by 5107?
17
What is the remainder when 7148 is divided by 1417?
63
Calculate the remainder when 576622 is divided by 676.
670
What is the remainder when 18332 is divided by 233?
158
Calculate the remainder when 15809 is divided by 7904.
1
Calculate the remainder when 789 is divided by 679.
110
What is the remainder when 5744 is divided by 5744?
0
What is the remainder when 23895 is divided by 435?
405
Calculate the remainder when 3905 is divided by 299.
18
What is the remainder when 24373 is divided by 6077?
65
Calculate the remainder when 3247 is divided by 378.
223
Calculate the remainder when 7608 is divided by 230.
18
Calculate the remainder when 47772 is divided by 15923.
3
What is the remainder when 9608 is divided by 1584?
104
Calculate the remainder when 32497 is divided by 7931.
773
What is the remainder when 3794 is divided by 22?
10
Calculate the remainder when 12182 is divided by 6050.
82
What is the remainder when 14535 is divided by 322?
45
Calculate the remainder when 2415 is divided by 39.
36
What is the remainder when 26703 is divided by 43?
0
Calculate the remainder when 96899 is divided by 4614.
5
What is the remainder when 661017 is divided by 958?
955
What is the remainder when 5035 is divided by 305?
155
Calculate the remainder when 4502 is divided by 448.
22
What is the remainder when 415 is divided by 309?
106
Calculate the remainder when 4876 is divided by 394.
148
What is the remainder when 417731 is divided by 208861?
9
Calculate the remainder when 883 is divided by 391.
101
What is the remainder when 14745 is divided by 259?
241
What is the remainder when 117989 is divided by 198?
179
What is the remainder when 6913 is divided by 2150?
463
Calculate the remainder when 4591 is divided by 516.
463
What is the remainder when 111255 is divided by 76?
67
Calculate the remainder when 6573 is divided by 5.
3
Calculate the remainder when 20096 is divided by 6691.
23
What is the remainder when 2996 is divided by 994?
14
What is the remainder when 130477 is divided by 11?
6
Calculate the remainder when 20365 is divided by 48.
13
What is the remainder when 16761 is divided by 3347?
26
Calculate the remainder when 79257 is divided by 726.
123
What is the remainder when 389026 is divided by 51?
49
What is the remainder when 1324 is divided by 163?
20
Calculate the remainder when 4574 is divided by 989.
618
What is the remainder when 66725 is divided by 29?
25
Calculate the remainder when 56137 is divided by 1311.
1075
What is the remainder when 64914 is divided by 930?
744
Calculate the remainder when 23366 is divided by 57.
53
Calculate the remainder when 383263 is divided by 228.
223
Calculate the remainder when 87412 is divided by 514.
32
What is the remainder when 1010999 is divided by 125?
124
What is the remainder when 8373 is divided by 142?
137
Calculate the remainder when 4077 is divided by 613.
399
Calculate the remainder when 6878 is divided by 215.
213
Calculate the remainder when 4779 is divided by 4771.
8
What is the remainder when 32273 is divided by 808?
761
What is the remainder when 356 is divided by 273?
83
What is the remainder when 982 is divided by 249?
235
Calculate the remainder when 3266 is divided by 292.
54
Calculate the remainder when 420978 is divided by 868.
866
Calculate the remainder when 57509 is divided by 199.
197
What is the remainder when 8894 is divided by 8795?
99
Calculate the remainder when 2094 is divided by 483.
162
What is the remainder when 581106 is divided by 116220?
6
Calculate the remainder when 43797 is divided by 110.
17
What is the remainder when 3512 is divided by 175?
12
Calculate the remainder when 240691 is divided by 170.
141
What is the remainder when 91128 is divided by 37?
34
Calculate the remainder when 17800 is divided by 34.
18
What is the remainder when 126226 is divided by 63113?
0
Calculate the remainder when 3680 is divided by 226.
64
What is the r